actor of 78 and 297.
3
What is the highest common divisor of 3105 and 1890?
135
What is the greatest common factor of 4225 and 52?
13
Calculate the highest common divisor of 73 and 2993.
73
Calculate the highest common factor of 9 and 621.
9
Calculate the greatest common factor of 3736 and 32.
8
What is the greatest common divisor of 64 and 10240?
64
Calculate the greatest common divisor of 10568 and 8.
8
Calculate the highest common factor of 20616 and 24.
24
What is the greatest common divisor of 80 and 7120?
80
Calculate the greatest common divisor of 568 and 3.
1
What is the highest common divisor of 3379 and 545?
109
Calculate the greatest common factor of 39 and 403.
13
Calculate the highest common factor of 725 and 899.
29
Calculate the greatest common divisor of 105 and 42.
21
What is the greatest common factor of 172 and 12?
4
Calculate the highest common factor of 2845 and 5.
5
What is the highest common factor of 45 and 1215?
45
What is the highest common divisor of 196 and 1036?
28
What is the highest common divisor of 33 and 2123?
11
What is the highest common factor of 280 and 35?
35
What is the highest common factor of 60 and 620?
20
Calculate the highest common factor of 862 and 10.
2
What is the greatest common factor of 697 and 68?
17
Calculate the highest common factor of 4928 and 792.
88
What is the highest common factor of 8272 and 264?
88
What is the greatest common factor of 41 and 28208?
41
Calculate the highest common divisor of 4958 and 938.
134
Calculate the highest common divisor of 216 and 168.
24
Calculate the greatest common divisor of 740 and 2035.
185
What is the highest common divisor of 333 and 185?
37
Calculate the highest common factor of 16 and 2992.
16
Calculate the highest common factor of 343 and 98.
49
Calculate the highest common factor of 17158 and 46.
46
Calculate the greatest common factor of 42 and 3710.
14
What is the highest common divisor of 54 and 117?
9
What is the highest common divisor of 42 and 17367?
21
Calculate the highest common factor of 171 and 304.
19
Calculate the greatest common divisor of 125 and 110.
5
What is the greatest common divisor of 63 and 7?
7
Calculate the greatest common factor of 104 and 32.
8
What is the greatest common factor of 468 and 12?
12
Calculate the highest common factor of 391 and 1656.
23
What is the greatest common factor of 25 and 5645?
5
Calculate the greatest common factor of 3022 and 2.
2
Calculate the greatest common divisor of 23 and 276.
23
What is the highest common divisor of 736 and 32?
32
What is the greatest common divisor of 31 and 133?
1
What is the greatest common factor of 224 and 512?
32
What is the highest common divisor of 20 and 290?
10
Calculate the greatest common factor of 68 and 306.
34
What is the greatest common divisor of 146 and 1241?
73
What is the greatest common divisor of 1072 and 64?
16
What is the greatest common factor of 725 and 29?
29
What is the highest common divisor of 325 and 4420?
65
What is the highest common factor of 98 and 392?
98
What is the highest common divisor of 3097 and 323?
19
Calculate the highest common divisor of 32 and 272.
16
What is the greatest common divisor of 85 and 119?
17
What is the highest common divisor of 50 and 1470?
10
Calculate the highest common divisor of 186 and 279.
93
What is the highest common divisor of 21 and 329?
7
Calculate the highest common factor of 1845 and 45.
45
What is the greatest common factor of 25008 and 144?
48
Calculate the greatest common divisor of 88 and 132.
44
Calculate the highest common factor of 1210 and 1.
1
Calculate the highest common divisor of 54 and 6750.
54
Calculate the greatest common factor of 60 and 315.
15
Calculate the greatest common factor of 756 and 297.
27
Calculate the highest common factor of 760 and 266.
38
Calculate the highest common divisor of 270 and 240.
30
What is the highest common factor of 38 and 1064?
38
What is the highest common divisor of 1595 and 55?
55
Calculate the highest common factor of 90 and 54.
18
What is the greatest common divisor of 10 and 26?
2
What is the greatest common factor of 1521 and 1638?
117
What is the greatest common divisor of 4 and 356?
4
What is the greatest common factor of 21 and 427?
7
What is the greatest common divisor of 3182 and 172?
86
Calculate the greatest common factor of 50677 and 187.
187
Calculate the highest common factor of 34 and 85.
17
What is the highest common factor of 130 and 2314?
26
Calculate the highest common divisor of 209 and 33.
11
What is the highest common factor of 18 and 2034?
18
What is the highest common factor of 35 and 49?
7
What is the highest common factor of 1780 and 20?
20
Calculate the greatest common factor of 60 and 795.
15
What is the highest common factor of 2 and 19?
1
Calculate the highest common divisor of 170 and 40.
10
Calculate the highest common divisor of 518 and 148.
74
Calculate the greatest common divisor of 1932 and 84.
84
What is the greatest common divisor of 17 and 17?
17
What is the greatest common divisor of 5629 and 13?
13
What is the highest common divisor of 16080 and 192?
48
What is the highest common divisor of 1788 and 192?
12
Calculate the greatest common factor of 252 and 312.
12
What is the highest common divisor of 92 and 23?
23
What is the greatest common divisor of 27334 and 158?
158
Calculate the greatest common divisor of 1584 and 121.
11
What is the highest common divisor of 7 and 17472?
7
What is the greatest common divisor of 15 and 3345?
15
What is the highest common factor of 5875 and 75?
25
Calculate the highest common factor of 3 and 321.
3
Calculate the greatest common divisor of 52 and 156.
52
Calculate the greatest common divisor of 4370 and 380.
190
What is the highest common divisor of 780 and 936?
156
Calculate the highest common factor of 186 and 1426.
62
What is the highest common factor of 29 and 406?
29
Calculate the highest common divisor of 1740 and 36.
12
What is the highest common divisor of 24 and 3324?
12
Calculate the highest common divisor of 96 and 192.
96
What is the greatest common factor of 8 and 92?
4
Calculate the greatest common divisor of 65 and 143.
13
Calculate the greatest common factor of 2355 and 15.
15
Calculate the greatest common factor of 2318 and 38.
38
Calculate the greatest common divisor of 24 and 2152.
8
Calculate the greatest common factor of 25 and 535.
5
What is the greatest common divisor of 841 and 29?
29
Calculate the greatest common divisor of 56 and 2408.
56
What is the greatest common divisor of 224 and 2944?
32
What is the greatest common divisor of 5390 and 4235?
385
Calculate the greatest common factor of 650 and 100.
50
Calculate the highest common factor of 1056 and 5016.
264
Calculate the highest common divisor of 23 and 23.
23
What is the highest common divisor of 132 and 836?
44
Calculate the greatest common divisor of 10136 and 182.
14
What is the greatest common divisor of 76 and 342?
38
Calculate the greatest common divisor of 2431 and 572.
143
What is the highest common divisor of 26 and 4?
2
Calculate the highest common divisor of 385 and 10560.
55
What is the highest common factor of 182 and 42?
14
What is the greatest common divisor of 38 and 61522?
38
What is the highest common factor of 81 and 9?
9
Calculate the greatest common factor of 1608 and 60.
12
Calculate the greatest common factor of 61884 and 324.
324
Calculate the highest common factor of 221 and 1807.
13
Calculate the highest common factor of 2415 and 357.
21
What is the greatest common divisor of 1232 and 77?
77
What is the highest common divisor of 2520 and 1701?
63
Calculate the highest common divisor of 9 and 153.
9
Calculate the greatest common factor of 455 and 273.
91
What is the highest common factor of 17276 and 14?
14
Calculate the highest common divisor of 537 and 3.
3
Calculate the greatest common factor of 13 and 52.
13
What is the greatest common factor of 26 and 1066?
26
What is the highest common factor of 58 and 5771?
29
What is the highest common factor of 4158 and 66?
66
Calculate the highest common factor of 99 and 44.
11
Calculate the greatest common factor of 2232 and 72.
72
What is the greatest common divisor of 520 and 40?
40
What is the highest common div